{"id":781,"date":"2017-02-09T08:45:13","date_gmt":"2017-02-09T08:45:13","guid":{"rendered":"http:\/\/dummy.xtemos.com\/basel\/vers\/?page_id=781"},"modified":"2024-04-02T18:06:16","modified_gmt":"2024-04-02T18:06:16","slug":"nosotros","status":"publish","type":"page","link":"https:\/\/aridosmach.cl\/sitio\/nosotros\/","title":{"rendered":"NOSOTROS"},"content":{"rendered":"<div class=\"wpb-content-wrapper\"><p>[vc_row full_width=&#8221;stretch_row_content_no_spaces&#8221; content_placement=&#8221;middle&#8221; css=&#8221;.vc_custom_1451486211770{margin-top: -40px !important;margin-bottom: -40px !important;}&#8221;][vc_column offset=&#8221;vc_col-md-6&#8243;][vc_single_image image=&#8221;32028&#8243; img_size=&#8221;full&#8221; alignment=&#8221;center&#8221; style=&#8221;vc_box_border&#8221; onclick=&#8221;link_image&#8221; css_animation=&#8221;fadeIn&#8221; css=&#8221;.vc_custom_1712081102911{margin-bottom: 0px !important;}&#8221;][\/vc_column][vc_column css=&#8221;.vc_custom_1485009354843{margin-top: 25px !important;margin-bottom: 40px !important;padding-right: 10% !important;padding-left: 10% !important;}&#8221; offset=&#8221;vc_col-md-6&#8243;][vc_column_text css=&#8221;.vc_custom_1712079858385{margin-bottom: 30px !important;}&#8221;]<\/p>\n<h1 class=\"font-title\" style=\"text-align: center; font-size: 42px; text-transform: capitalize;\">SOMOS UNA EMPRESA CON 15 A\u00d1OS DE EXPERIENCIA&#8230;<\/h1>\n<p>[\/vc_column_text][vc_column_text css=&#8221;.vc_custom_1712080019645{padding-right: 30px !important;padding-left: 30px !important;}&#8221;]<strong>NOSOTROS:<\/strong><\/p>\n<p style=\"text-align: justify;\">Somos una empresa familiar de la comuna de Hualp\u00e9n que contamos con m\u00e1s de 15 a\u00f1os de experiencia en el \u00e1rea de los \u00e1ridos y la construcci\u00f3n. Siempre comprometidos con cumplir con las necesidades de nuestros clientes, ofreciendo servicios basados principalmente en la calidad y\u00a0 en entregar los productos necesarios para lograr la satisfacci\u00f3n de quienes nos entregan su confianza.\u2028Desde nuestros inicios hemos estado involucrados con ayudar a la comunidad y al medio que nos rodea, para as\u00ed contribuir a una mejor sociedad. Abasteciendo a todo tipo de clientes y con distintos vol\u00famenes de requerimientos.<\/p>\n<p><strong>MISI\u00d3N:<\/strong><\/p>\n<p style=\"text-align: justify;\"><em>Nuestra raz\u00f3n de ser es el entregar y transportar a nuestros clientes \u00e1ridos de calidad, solucionando problemas especiales con una materia prima indispensable en las \u00e1reas de la construcci\u00f3n e industrial. De manera sostenible, segura y respetando el medio ambiente.\u2028\u2028\u2028<\/em><\/p>\n<p><strong>VISI\u00d3N:<\/strong><\/p>\n<p style=\"text-align: justify;\"><em>Ser una empresa rentable y sostenible, ayudando a mejorar el futuro de la sociedad. Siendo protagonistas en el mercado de los \u00e1ridos de la regi\u00f3n.<\/em><\/p>\n<p>[\/vc_column_text][vc_single_image image=&#8221;32024&#8243; img_size=&#8221;full&#8221; alignment=&#8221;center&#8221; css=&#8221;.vc_custom_1712080174484{margin-bottom: 30px !important;}&#8221;]\n\t\t\t<ul class=\"social-icons text-center icons-design-circle icons-size-default social-share \">\n\t\t\t\t\t\t\t\t\t<li class=\"social-facebook\"><a rel=\"noopener noreferrer nofollow\" href=\"https:\/\/www.facebook.com\/sharer\/sharer.php?u=https:\/\/aridosmach.cl\/sitio\/nosotros\/\" target=\"_blank\" class=\"\"><i class=\"fa fa-facebook\"><\/i><span class=\"basel-social-icon-name\">Facebook<\/span><\/a><\/li>\n\t\t\t\t\n\t\t\t\t\t\t\t\t\t<li class=\"social-twitter\"><a rel=\"noopener noreferrer nofollow\" href=\"https:\/\/twitter.com\/share?url=https:\/\/aridosmach.cl\/sitio\/nosotros\/\" target=\"_blank\" class=\"\"><i class=\"fa fa-twitter\"><\/i><span class=\"basel-social-icon-name\">Twitter<\/span><\/a><\/li>\n\t\t\t\t\n\t\t\t\t\n\t\t\t\t\n\t\t\t\t\n\t\t\t\t\t\t\t\t\t<li class=\"social-pinterest\"><a rel=\"noopener noreferrer nofollow\" href=\"https:\/\/pinterest.com\/pin\/create\/button\/?url=https:\/\/aridosmach.cl\/sitio\/nosotros\/&media=https:\/\/aridosmach.cl\/sitio\/wp-includes\/images\/media\/default.svg\" target=\"_blank\" class=\"\"><i class=\"fa fa-pinterest\"><\/i><span class=\"basel-social-icon-name\">Pinterest<\/span><\/a><\/li>\n\t\t\t\t\n\t\t\t\t\n\t\t\t\t\t\t\t\t\t<li class=\"social-linkedin\"><a rel=\"noopener noreferrer nofollow\" href=\"https:\/\/www.linkedin.com\/shareArticle?mini=true&url=https:\/\/aridosmach.cl\/sitio\/nosotros\/\" target=\"_blank\" class=\"\"><i class=\"fa fa-linkedin\"><\/i><span class=\"basel-social-icon-name\">LinkedIn<\/span><\/a><\/li>\n\t\t\t\t\n\t\t\t\t\n\t\t\t\t\n\t\t\t\t\n\t\t\t\t\n\t\t\t\t\n\t\t\t\t\n\t\t\t\t\n\t\t\t\t\n\t\t\t\t\t\t\t\t\n\t\t\t\t\n\t\t\t\t\n\t\t\t\t\t\t\t\t\t<li class=\"social-tg\"><a rel=\"noopener noreferrer nofollow\" href=\"https:\/\/telegram.me\/share\/url?url=https:\/\/aridosmach.cl\/sitio\/nosotros\/\" target=\"_blank\" class=\"\"><i class=\"fa fa-telegram\"><\/i><span class=\"basel-social-icon-name\">Telegram<\/span><\/a><\/li>\n\t\t\t\t\n\t\t\t<\/ul>\n\n\t\t[\/vc_column][\/vc_row]<\/p>\n<\/div>","protected":false},"excerpt":{"rendered":"<p>[vc_row full_width=&#8221;stretch_row_content_no_spaces&#8221; content_placement=&#8221;middle&#8221; css=&#8221;.vc_custom_1451486211770{margin-top: -40px !important;margin-bottom: -40px !important;}&#8221;][vc_column offset=&#8221;vc_col-md-6&#8243;][vc_single_image image=&#8221;32028&#8243; img_size=&#8221;full&#8221; alignment=&#8221;center&#8221; style=&#8221;vc_box_border&#8221; onclick=&#8221;link_image&#8221; css_animation=&#8221;fadeIn&#8221; css=&#8221;.vc_custom_1712081102911{margin-bottom: 0px !important;}&#8221;][\/vc_column][vc_column css=&#8221;.vc_custom_1485009354843{margin-top: 25px<\/p>\n","protected":false},"author":1,"featured_media":0,"parent":0,"menu_order":0,"comment_status":"closed","ping_status":"closed","template":"","meta":{"footnotes":""},"class_list":["post-781","page","type-page","status-publish","hentry"],"_links":{"self":[{"href":"https:\/\/aridosmach.cl\/sitio\/wp-json\/wp\/v2\/pages\/781","targetHints":{"allow":["GET"]}}],"collection":[{"href":"https:\/\/aridosmach.cl\/sitio\/wp-json\/wp\/v2\/pages"}],"about":[{"href":"https:\/\/aridosmach.cl\/sitio\/wp-json\/wp\/v2\/types\/page"}],"author":[{"embeddable":true,"href":"https:\/\/aridosmach.cl\/sitio\/wp-json\/wp\/v2\/users\/1"}],"replies":[{"embeddable":true,"href":"https:\/\/aridosmach.cl\/sitio\/wp-json\/wp\/v2\/comments?post=781"}],"version-history":[{"count":6,"href":"https:\/\/aridosmach.cl\/sitio\/wp-json\/wp\/v2\/pages\/781\/revisions"}],"predecessor-version":[{"id":32030,"href":"https:\/\/aridosmach.cl\/sitio\/wp-json\/wp\/v2\/pages\/781\/revisions\/32030"}],"wp:attachment":[{"href":"https:\/\/aridosmach.cl\/sitio\/wp-json\/wp\/v2\/media?parent=781"}],"curies":[{"name":"wp","href":"https:\/\/api.w.org\/{rel}","templated":true}]}}