{"id":1147,"date":"2017-08-11T06:46:06","date_gmt":"2017-08-11T06:46:06","guid":{"rendered":"http:\/\/dummy.xtemos.com\/basel\/vers\/?page_id=1147"},"modified":"2025-06-10T01:22:36","modified_gmt":"2025-06-10T01:22:36","slug":"home-medical","status":"publish","type":"page","link":"https:\/\/aridosmach.cl\/sitio\/","title":{"rendered":"Home medical"},"content":{"rendered":"<div class=\"wpb-content-wrapper\"><p>[vc_row full_width=&#8221;stretch_row_content_no_spaces&#8221; css=&#8221;.vc_custom_1502355115373{margin-top: -40px !important;margin-bottom: 8vh !important;}&#8221;][vc_column][rev_slider_vc alias=&#8221;medical&#8221;][\/vc_column][\/vc_row][vc_row css=&#8221;.vc_custom_1500457128654{margin-bottom: 4vh !important;}&#8221;][vc_column width=&#8221;1\/4&#8243; css=&#8221;.vc_custom_1502351031091{padding-top: 0px !important;}&#8221;][\/vc_column][vc_column width=&#8221;1\/2&#8243;]<div class=\"title-wrapper  basel-title-color-default basel-title-style-simple basel-title-size-default text-center \"><span class=\"title-subtitle font-default\">\u00c1RIDOS MACH<\/span><div class=\"liner-continer\"> <span class=\"left-line\"><\/span> <h4 class=\"title\" >SERVICIOS DESTACADOS:<span class=\"title-separator\"><span><\/span><\/span><\/h4> <span class=\"right-line\"><\/span> <\/div><span class=\"title-after_title\">Conoce nuestros servicios, que dan cuenta de la experiencia en el \u00e1rea de los \u00e1ridos y la construcci\u00f3n.<\/span><\/div>[\/vc_column][vc_column width=&#8221;1\/4&#8243; css=&#8221;.vc_custom_1502351027406{padding-top: 0px !important;}&#8221;][\/vc_column][\/vc_row][vc_row][vc_column offset=&#8221;vc_col-lg-6 vc_col-md-6&#8243;]\n\t\t\t<div class=\"promo-banner-wrapper\">\n\t\t\t\t<div class=\"promo-banner cursor-pointer text-center vertical-alignment-bottom banner-3 hover-4 color-scheme-dark \" onclick=\"window.location.href='#'\" >\n\n\t\t\t\t\t<div class=\"main-wrapp-img\">\n\t\t\t\t\t\t<div class=\"banner-image\">\n\t\t\t\t\t\t\t\t\t\t\t\t\t\t\t\t\t\t\t\t\t\t\t\t<img decoding=\"async\" class=\"promo-banner-image image-1 \" src=\"https:\/\/aridosmach.cl\/sitio\/wp-content\/uploads\/2024\/04\/TRASLADO-DE-ARIDOS-1-555x290.jpeg\" width=\"555\" height=\"290\" alt=\"TRASLADO DE ARIDOS\" title=\"TRASLADO DE ARIDOS\" loading=\"lazy\" \/>\t\t\t\t\t\t\t\t\t\t\t\t\t\t\t\t\t\t\t\t\t<\/div>\n\t\t\t\t\t<\/div>\n\n\t\t\t\t\t<div class=\"wrapper-content-baner\">\n\t\t\t\t\t\t<div class=\"banner-inner\">\n\t\t\t\t\t\t\t<\/p>\n<h4 style=\"margin-bottom: 5px; font-size: 28px; text-align: right;\"><span style=\"color: #ffffff;\">TRASLADO DE\u00a0<\/span><br \/>\n<span style=\"color: #ffcc00;\">\u00c1RIDOS<\/span><\/h4>\n<p>\n\t\t\t\t\t\t<\/div>\n\t\t\t\t\t<\/div>\n\n\t\t\t\t<\/div>\n\t\t\t<\/div>\n\n\t\t\n\t\t\t<div class=\"promo-banner-wrapper\">\n\t\t\t\t<div class=\"promo-banner cursor-pointer text-center vertical-alignment-bottom banner-3 hover-4 color-scheme-dark \" onclick=\"window.location.href='#'\" >\n\n\t\t\t\t\t<div class=\"main-wrapp-img\">\n\t\t\t\t\t\t<div class=\"banner-image\">\n\t\t\t\t\t\t\t\t\t\t\t\t\t\t\t\t\t\t\t\t\t\t\t\t<img decoding=\"async\" class=\"promo-banner-image image-1 \" src=\"https:\/\/aridosmach.cl\/sitio\/wp-content\/uploads\/2024\/04\/MOVIMIENTOS-DE-TIERRA-1-555x290.jpeg\" width=\"555\" height=\"290\" alt=\"MOVIMIENTOS DE TIERRA\" title=\"MOVIMIENTOS DE TIERRA\" loading=\"lazy\" \/>\t\t\t\t\t\t\t\t\t\t\t\t\t\t\t\t\t\t\t\t\t<\/div>\n\t\t\t\t\t<\/div>\n\n\t\t\t\t\t<div class=\"wrapper-content-baner\">\n\t\t\t\t\t\t<div class=\"banner-inner\">\n\t\t\t\t\t\t\t<\/p>\n<h4 style=\"margin-bottom: 5px; font-size: 28px;\"><span style=\"color: #ffffff;\">MOVIMIENTO<\/span><br \/>\n<span style=\"color: #ffcc00;\">DE TIERRA<\/span><\/h4>\n<p>\n\t\t\t\t\t\t<\/div>\n\t\t\t\t\t<\/div>\n\n\t\t\t\t<\/div>\n\t\t\t<\/div>\n\n\t\t[\/vc_column][vc_column width=&#8221;1\/2&#8243; offset=&#8221;vc_hidden-sm&#8221;]\n\t\t\t<div class=\"promo-banner-wrapper\">\n\t\t\t\t<div class=\"promo-banner cursor-pointer text-right vertical-alignment-bottom banner-3 hover-4 color-scheme-dark \" onclick=\"window.location.href='#'\" >\n\n\t\t\t\t\t<div class=\"main-wrapp-img\">\n\t\t\t\t\t\t<div class=\"banner-image\">\n\t\t\t\t\t\t\t\t\t\t\t\t\t\t\t\t\t\t\t\t\t\t\t\t<img decoding=\"async\" class=\"promo-banner-image image-1 \" src=\"https:\/\/aridosmach.cl\/sitio\/wp-content\/uploads\/2024\/04\/ARRIENDO-DE-MAQUINARIA-555x290.jpg\" width=\"555\" height=\"290\" alt=\"ARRIENDO DE MAQUINARIA\" title=\"ARRIENDO DE MAQUINARIA\" loading=\"lazy\" \/>\t\t\t\t\t\t\t\t\t\t\t\t\t\t\t\t\t\t\t\t\t<\/div>\n\t\t\t\t\t<\/div>\n\n\t\t\t\t\t<div class=\"wrapper-content-baner\">\n\t\t\t\t\t\t<div class=\"banner-inner\">\n\t\t\t\t\t\t\t<\/p>\n<h4 style=\"margin-bottom: 5px; font-size: 28px;\"><span style=\"color: #ffffff;\">ARRIENDO DE<\/span><br \/>\n<span style=\"color: #ffcc00;\">MAQUINARIA<\/span><\/h4>\n<p>\n\t\t\t\t\t\t<\/div>\n\t\t\t\t\t<\/div>\n\n\t\t\t\t<\/div>\n\t\t\t<\/div>\n\n\t\t\n\t\t\t<div class=\"promo-banner-wrapper\">\n\t\t\t\t<div class=\"promo-banner cursor-pointer text-right vertical-alignment-bottom banner-3 hover-1 color-scheme-dark \" onclick=\"window.location.href='#'\" >\n\n\t\t\t\t\t<div class=\"main-wrapp-img\">\n\t\t\t\t\t\t<div class=\"banner-image\">\n\t\t\t\t\t\t\t\t\t\t\t\t\t\t\t\t\t\t\t\t\t\t\t\t<img decoding=\"async\" class=\"promo-banner-image image-1 \" src=\"https:\/\/aridosmach.cl\/sitio\/wp-content\/uploads\/2024\/04\/EXCAVACIONES-555x290.jpg\" width=\"555\" height=\"290\" alt=\"EXCAVACIONES\" title=\"EXCAVACIONES\" loading=\"lazy\" \/>\t\t\t\t\t\t\t\t\t\t\t\t\t\t\t\t\t\t\t\t\t<\/div>\n\t\t\t\t\t<\/div>\n\n\t\t\t\t\t<div class=\"wrapper-content-baner\">\n\t\t\t\t\t\t<div class=\"banner-inner\">\n\t\t\t\t\t\t\t<\/p>\n<h4 style=\"margin-bottom: 5px; font-size: 28px;\"><span style=\"color: #ffffff;\">EXCAVACIONES<\/span><\/h4>\n<p>\n\t\t\t\t\t\t<\/div>\n\t\t\t\t\t<\/div>\n\n\t\t\t\t<\/div>\n\t\t\t<\/div>\n\n\t\t[\/vc_column][\/vc_row][vc_row css=&#8221;.vc_custom_1502263324031{margin-bottom: 6vh !important;}&#8221;][vc_column offset=&#8221;vc_col-lg-6 vc_col-md-6 vc_col-xs-12&#8243;]\n\t\t\t<div class=\"promo-banner-wrapper\">\n\t\t\t\t<div class=\"promo-banner cursor-pointer text-right vertical-alignment-bottom banner-3 hover-4 color-scheme-dark \" onclick=\"window.location.href='#'\" >\n\n\t\t\t\t\t<div class=\"main-wrapp-img\">\n\t\t\t\t\t\t<div class=\"banner-image\">\n\t\t\t\t\t\t\t\t\t\t\t\t\t\t\t\t\t\t\t\t\t\t\t\t<img decoding=\"async\" class=\"promo-banner-image image-1 \" src=\"https:\/\/aridosmach.cl\/sitio\/wp-content\/uploads\/2024\/04\/RETIROS-DE-ESCOMBRO-555x290.jpeg\" width=\"555\" height=\"290\" alt=\"RETIROS DE ESCOMBRO\" title=\"RETIROS DE ESCOMBRO\" loading=\"lazy\" \/>\t\t\t\t\t\t\t\t\t\t\t\t\t\t\t\t\t\t\t\t\t<\/div>\n\t\t\t\t\t<\/div>\n\n\t\t\t\t\t<div class=\"wrapper-content-baner\">\n\t\t\t\t\t\t<div class=\"banner-inner\">\n\t\t\t\t\t\t\t<\/p>\n<h4 style=\"margin-bottom: 5px; font-size: 28px;\"><span style=\"color: #ffffff;\">RETIRO DE<\/span><br \/>\n<span style=\"color: #ffcc00;\">ESCOMBROS<\/span><\/h4>\n<p>\n\t\t\t\t\t\t<\/div>\n\t\t\t\t\t<\/div>\n\n\t\t\t\t<\/div>\n\t\t\t<\/div>\n\n\t\t[\/vc_column][vc_column width=&#8221;1\/2&#8243; offset=&#8221;vc_col-lg-6 vc_col-md-6 vc_col-xs-12&#8243;][\/vc_column][\/vc_row][vc_row css=&#8221;.vc_custom_1500457137959{margin-bottom: 4vh !important;}&#8221;][vc_column width=&#8221;1\/4&#8243; css=&#8221;.vc_custom_1502351018221{padding-top: 0px !important;}&#8221;][\/vc_column][vc_column width=&#8221;1\/2&#8243;]<div class=\"title-wrapper  basel-title-color-default basel-title-style-simple basel-title-size-default text-center \"><span class=\"title-subtitle font-default\">\u00c1RIDOS MACH<\/span><div class=\"liner-continer\"> <span class=\"left-line\"><\/span> <h4 class=\"title\" >PRODUCTOS DESTACADOS<span class=\"title-separator\"><span><\/span><\/span><\/h4> <span class=\"right-line\"><\/span> <\/div><span class=\"title-after_title\">Haga clic en ``Ver m\u00e1s`` para ir a todos los productos.<\/span><\/div>[\/vc_column][vc_column width=&#8221;1\/4&#8243; css=&#8221;.vc_custom_1502351022343{padding-top: 0px !important;}&#8221;][\/vc_column][\/vc_row][vc_row css=&#8221;.vc_custom_1502282426568{margin-bottom: 6vh !important;}&#8221;][vc_column width=&#8221;1\/2&#8243; offset=&#8221;vc_col-md-3 vc_col-xs-12&#8243;]\t\t\t<div class=\" basel-info-box2 text-center icon-alignment-top box-style-base color-scheme-dark  with-btn btn-position-hover \" onclick=\"\">\n\t\t\t\t\t\t\t\t\t<div class=\"box-icon-wrapper\">\n\t\t\t\t\t\t<div class=\"info-box-icon\">\n\t\t\t\t\t\t\t\t\t\t\t\t\t\t\t\t\t\t\t\t\t\t\t\t\t\t<img decoding=\"async\" class=\"info-icon image-1 \" src=\"https:\/\/aridosmach.cl\/sitio\/wp-content\/uploads\/2024\/04\/ARENA-DE-RIO-100x100.jpeg\" width=\"100\" height=\"100\" alt=\"ARENA DE RI\u0301O\" title=\"ARENA DE RI\u0301O\" loading=\"lazy\" \/>\t\t\t\t\t\t\t\t\t\t\t\t\t\t<\/div>\n\t\t\t\t\t<\/div>\n\t\t\t\t\t\t\t\t<div class=\"info-box-content\">\n\t\t\t\t\t<div class=\"info-box-inner\">\n\t\t\t\t\t\t<\/p>\n<h4 style=\"font-size: 22px; margin-bottom: 10px;\">ARENA DE R\u00cdO<\/h4>\n<div class=\"info-btn-wrapper\"><a href=\"https:\/\/aridosmach.cl\/sitio\/productos\/\" class=\"btn btn-style-link btn-color-primary info-box-btn\">VER M\u00c1S<\/a><\/div>\t\t\t\t\t<\/div>\n\t\t\t\t<\/div>\n\t\t\t<\/div>\n\t\t[\/vc_column][vc_column width=&#8221;1\/2&#8243; offset=&#8221;vc_col-md-3 vc_col-xs-12&#8243;]\t\t\t<div class=\" basel-info-box2 text-center icon-alignment-top box-style-base color-scheme-dark  with-btn btn-position-hover \" onclick=\"\">\n\t\t\t\t\t\t\t\t\t<div class=\"box-icon-wrapper\">\n\t\t\t\t\t\t<div class=\"info-box-icon\">\n\t\t\t\t\t\t\t\t\t\t\t\t\t\t\t\t\t\t\t\t\t\t\t\t\t\t<img decoding=\"async\" class=\"info-icon image-1 \" src=\"https:\/\/aridosmach.cl\/sitio\/wp-content\/uploads\/2024\/04\/GRAVILLA-3-4-100x100.jpeg\" width=\"100\" height=\"100\" alt=\"GRAVILLA 3 4\" title=\"GRAVILLA 3 4\" loading=\"lazy\" \/>\t\t\t\t\t\t\t\t\t\t\t\t\t\t<\/div>\n\t\t\t\t\t<\/div>\n\t\t\t\t\t\t\t\t<div class=\"info-box-content\">\n\t\t\t\t\t<div class=\"info-box-inner\">\n\t\t\t\t\t\t<\/p>\n<h4 style=\"font-size: 22px; margin-bottom: 10px;\">GRAVILLA<\/h4>\n<div class=\"info-btn-wrapper\"><a href=\"https:\/\/aridosmach.cl\/sitio\/productos\/\" class=\"btn btn-style-link btn-color-primary info-box-btn\">VER M\u00c1S<\/a><\/div>\t\t\t\t\t<\/div>\n\t\t\t\t<\/div>\n\t\t\t<\/div>\n\t\t[\/vc_column][vc_column width=&#8221;1\/2&#8243; offset=&#8221;vc_col-md-3 vc_col-xs-12&#8243;]\t\t\t<div class=\" basel-info-box2 text-center icon-alignment-top box-style-base color-scheme-dark  with-btn btn-position-hover \" onclick=\"\">\n\t\t\t\t\t\t\t\t\t<div class=\"box-icon-wrapper\">\n\t\t\t\t\t\t<div class=\"info-box-icon\">\n\t\t\t\t\t\t\t\t\t\t\t\t\t\t\t\t\t\t\t\t\t\t\t\t\t\t<img decoding=\"async\" class=\"info-icon image-1 \" src=\"https:\/\/aridosmach.cl\/sitio\/wp-content\/uploads\/2024\/04\/CEMENTO-100x100.jpeg\" width=\"100\" height=\"100\" alt=\"CEMENTO\" title=\"CEMENTO\" loading=\"lazy\" \/>\t\t\t\t\t\t\t\t\t\t\t\t\t\t<\/div>\n\t\t\t\t\t<\/div>\n\t\t\t\t\t\t\t\t<div class=\"info-box-content\">\n\t\t\t\t\t<div class=\"info-box-inner\">\n\t\t\t\t\t\t<\/p>\n<h4 style=\"font-size: 22px; margin-bottom: 10px;\">CEMENTOS<\/h4>\n<div class=\"info-btn-wrapper\"><a href=\"https:\/\/aridosmach.cl\/sitio\/productos\/\" class=\"btn btn-style-link btn-color-primary info-box-btn\">VER M\u00c1S<\/a><\/div>\t\t\t\t\t<\/div>\n\t\t\t\t<\/div>\n\t\t\t<\/div>\n\t\t[\/vc_column][vc_column width=&#8221;1\/2&#8243; offset=&#8221;vc_col-md-3 vc_col-xs-12&#8243;]\t\t\t<div class=\" basel-info-box2 text-center icon-alignment-top box-style-base color-scheme-dark  with-btn btn-position-hover \" onclick=\"\">\n\t\t\t\t\t\t\t\t\t<div class=\"box-icon-wrapper\">\n\t\t\t\t\t\t<div class=\"info-box-icon\">\n\t\t\t\t\t\t\t\t\t\t\t\t\t\t\t\t\t\t\t\t\t\t\t\t\t\t<img decoding=\"async\" class=\"info-icon image-1 \" src=\"https:\/\/aridosmach.cl\/sitio\/wp-content\/uploads\/2024\/04\/ARIDOS-EN-SACOS-1-100x100.jpg\" width=\"100\" height=\"100\" alt=\"ARIDOS EN SACOS\" title=\"ARIDOS EN SACOS\" loading=\"lazy\" \/>\t\t\t\t\t\t\t\t\t\t\t\t\t\t<\/div>\n\t\t\t\t\t<\/div>\n\t\t\t\t\t\t\t\t<div class=\"info-box-content\">\n\t\t\t\t\t<div class=\"info-box-inner\">\n\t\t\t\t\t\t<\/p>\n<h4 style=\"font-size: 22px; margin-bottom: 10px;\">\u00c1RIDOS EN SACOS<\/h4>\n<div class=\"info-btn-wrapper\"><a href=\"#\" class=\"btn btn-style-link btn-color-primary info-box-btn\">VER M\u00c1S<\/a><\/div>\t\t\t\t\t<\/div>\n\t\t\t\t<\/div>\n\t\t\t<\/div>\n\t\t[\/vc_column][\/vc_row][vc_row full_width=&#8221;stretch_row&#8221; content_placement=&#8221;middle&#8221; css=&#8221;.vc_custom_1502263330465{margin-bottom: 4vh !important;background-color: #f7f7f7 !important;}&#8221;][vc_column css=&#8221;.vc_custom_1500475769061{padding-bottom: 0px !important;}&#8221; offset=&#8221;vc_col-lg-6 vc_col-md-6 vc_col-xs-11&#8243;][vc_empty_space height=&#8221;4vh&#8221; el_class=&#8221;hidden-md hidden-lg&#8221;][vc_single_image image=&#8221;31982&#8243; img_size=&#8221;full&#8221; style=&#8221;vc_box_border&#8221; css=&#8221;.vc_custom_1711208415592{margin-bottom: 0px !important;}&#8221;][\/vc_column][vc_column offset=&#8221;vc_col-lg-6 vc_col-md-6 vc_col-xs-12&#8243;]<div class=\"title-wrapper  basel-title-color-default basel-title-style-default basel-title-size-extra-large text-left \"><div class=\"liner-continer\"> <span class=\"left-line\"><\/span> <h4 class=\"title\" >NOSOTROS...<span class=\"title-separator\"><span><\/span><\/span><\/h4> <span class=\"right-line\"><\/span> <\/div><\/div>[vc_custom_heading text=&#8221;Desde nuestros inicios hemos estado involucrados con ayudar a la comunidad y al medio que nos rodea, para as\u00ed contribuir a una mejor sociedad. Abasteciendo a todo tipo de clientes y con distintos vol\u00famenes de requerimientos.&#8221; font_container=&#8221;tag:p|font_size:16|text_align:left|color:%23828282&#8243; use_theme_fonts=&#8221;yes&#8221; css=&#8221;.vc_custom_1712103780369{margin-bottom: 30px !important;}&#8221;]\t\t\t<div class=\" basel-info-box text-left icon-alignment-left box-style-base color-scheme-dark  with-animation \" onclick=\"\">\n\t\t\t\t\t\t\t\t\t<div class=\"box-icon-wrapper\">\n\t\t\t\t\t\t<div class=\"info-box-icon\">\n\t\t\t\t\t\t\t\t\t\t\t\t\t\t\t\t\t\t\t\t\t\t\t\t\t\t<img loading=\"lazy\" decoding=\"async\" width=\"150\" height=\"79\" src=\"https:\/\/aridosmach.cl\/sitio\/wp-content\/uploads\/2024\/03\/icon-maq.png\" class=\"info-icon image-1 attachment-full\" alt=\"\" title=\"icon maq\" \/>\t\t\t\t\t\t\t\t\t\t\t\t\t\t<\/div>\n\t\t\t\t\t<\/div>\n\t\t\t\t\t\t\t\t<div class=\"info-box-content\">\n\t\t\t\t\t<div class=\"info-box-inner\">\n\t\t\t\t\t\t<\/p>\n<h4 style=\"font-size: 20px;\">Qui\u00e9nes somos<\/h4>\n<p class=\"p1\"><span class=\"s1\">Somos una empresa familiar de la comuna de Hualp\u00e9n que contamos con m\u00e1s de 15 a\u00f1os de experiencia en el \u00e1rea de los \u00e1ridos y la construcci\u00f3n.<\/span><\/p>\n<p>\n\t\t\t\t\t<\/div>\n\t\t\t\t<\/div>\n\t\t\t<\/div>\n\t\t\t\t\t<div class=\" basel-info-box text-left icon-alignment-left box-style-base color-scheme-dark  with-animation \" onclick=\"\">\n\t\t\t\t\t\t\t\t\t<div class=\"box-icon-wrapper\">\n\t\t\t\t\t\t<div class=\"info-box-icon\">\n\t\t\t\t\t\t\t\t\t\t\t\t\t\t\t\t\t\t\t\t\t\t\t\t\t\t<img loading=\"lazy\" decoding=\"async\" width=\"150\" height=\"79\" src=\"https:\/\/aridosmach.cl\/sitio\/wp-content\/uploads\/2024\/03\/icon-maq.png\" class=\"info-icon image-1 attachment-full\" alt=\"\" title=\"icon maq\" \/>\t\t\t\t\t\t\t\t\t\t\t\t\t\t<\/div>\n\t\t\t\t\t<\/div>\n\t\t\t\t\t\t\t\t<div class=\"info-box-content\">\n\t\t\t\t\t<div class=\"info-box-inner\">\n\t\t\t\t\t\t<\/p>\n<h4 style=\"font-size: 20px;\">Nuestra Misi\u00f3n<\/h4>\n<p style=\"font-size: 14px; text-align: justify;\">Entregar \u00e1ridos de calidad, solucionando problemas especiales con una materia prima indispensable en las \u00e1reas de la construcci\u00f3n e industrial.<\/p>\n<p>\n\t\t\t\t\t<\/div>\n\t\t\t\t<\/div>\n\t\t\t<\/div>\n\t\t\t\t\t<div class=\" basel-info-box text-left icon-alignment-left box-style-base color-scheme-dark  with-animation vc_custom_1749518555625\" onclick=\"\">\n\t\t\t\t\t\t\t\t\t<div class=\"box-icon-wrapper\">\n\t\t\t\t\t\t<div class=\"info-box-icon\">\n\t\t\t\t\t\t\t\t\t\t\t\t\t\t\t\t\t\t\t\t\t\t\t\t\t\t<img loading=\"lazy\" decoding=\"async\" width=\"150\" height=\"79\" src=\"https:\/\/aridosmach.cl\/sitio\/wp-content\/uploads\/2024\/03\/icon-maq.png\" class=\"info-icon image-1 attachment-full\" alt=\"\" title=\"icon maq\" \/>\t\t\t\t\t\t\t\t\t\t\t\t\t\t<\/div>\n\t\t\t\t\t<\/div>\n\t\t\t\t\t\t\t\t<div class=\"info-box-content\">\n\t\t\t\t\t<div class=\"info-box-inner\">\n\t\t\t\t\t\t<\/p>\n<h4 style=\"font-size: 20px;\">Nuestra Visi\u00f3n<\/h4>\n<p class=\"p1\" style=\"text-align: justify;\">Ser una empresa rentable y sostenible, ayudando a mejorar el futuro de la sociedad. Siendo protagonistas en el mercado de los \u00e1ridos de la regi\u00f3n.<\/p>\n<p>\n\t\t\t\t\t<\/div>\n\t\t\t\t<\/div>\n\t\t\t<\/div>\n\t\t[vc_empty_space height=&#8221;4vh&#8221; el_class=&#8221;hidden-md hidden-lg&#8221;][\/vc_column][\/vc_row][vc_row full_width=&#8221;stretch_row&#8221; content_placement=&#8221;middle&#8221; css=&#8221;.vc_custom_1711069773369{margin-bottom: 4vh !important;padding-top: 6vh !important;padding-bottom: 6vh !important;background-image: url(https:\/\/aridosmach.cl\/sitio\/wp-content\/uploads\/2024\/03\/PHOTO-2024-03-13-17-01-19-1.jpg?id=31922) !important;background-position: center !important;background-repeat: no-repeat !important;background-size: cover !important;}&#8221;][vc_column width=&#8221;1\/6&#8243;][\/vc_column][vc_column width=&#8221;2\/3&#8243;]<div class=\"title-wrapper  basel-title-color-white basel-title-style-simple basel-title-size-extra-large text-center \"><span class=\"title-subtitle font-default\">FORMULARIO DE CONTACTO<\/span><div class=\"liner-continer\"> <span class=\"left-line\"><\/span> <h4 class=\"title\" >COTICE CON NOSOTROS<span class=\"title-separator\"><span><\/span><\/span><\/h4> <span class=\"right-line\"><\/span> <\/div><\/div>[vc_column_text basel_color_scheme=&#8221;light&#8221;]<\/p>\n<p style=\"text-align: center;\">Cont\u00e1ctese con nosotros a trav\u00e9s de nuestro tel\u00e9fono de contacto o completando el formulario de contacto.<\/p>\n<p>[\/vc_column_text][vc_column_text]<\/p>\n<div class=\"text-center\">\n<div class=\"basel-button-wrapper text-center\" style=\"display: inline-block; margin-right: 15px;\"><a class=\"btn btn-color-primary btn-style-default btn-size-default\" title=\"\" href=\"https:\/\/aridosmach.cl\/sitio\/contacto\/\" target=\"\" rel=\"noopener\">Ver m\u00e1s<\/a><\/div>\n<div class=\"basel-button-wrapper text-center\" style=\"display: inline-block;\"><a class=\"btn btn-color-white btn-style-default btn-size-default\" title=\"\" href=\"https:\/\/aridosmach.cl\/sitio\/contacto\/\" target=\"\" rel=\"noopener\">Formulario de Contacto<\/a><\/div>\n<\/div>\n<p>[\/vc_column_text][\/vc_column][vc_column width=&#8221;1\/6&#8243;][\/vc_column][\/vc_row][vc_row full_width=&#8221;stretch_row_content_no_spaces&#8221; content_placement=&#8221;middle&#8221; css=&#8221;.vc_custom_1500469468001{margin-bottom: -40px !important;}&#8221;][vc_column css=&#8221;.vc_custom_1502352203858{padding-top: 6vh !important;padding-right: 10% !important;padding-bottom: 3vh !important;padding-left: 10% !important;}&#8221; offset=&#8221;vc_col-lg-6 vc_col-md-6 vc_col-xs-12&#8243;]<div class=\"title-wrapper  basel-title-color-default basel-title-style-default basel-title-size-extra-large text-left \"><div class=\"liner-continer\"> <span class=\"left-line\"><\/span> <h4 class=\"title\" >INFO DE CONTACTO<span class=\"title-separator\"><span><\/span><\/span><\/h4> <span class=\"right-line\"><\/span> <\/div><\/div>[vc_column_text css=&#8221;.vc_custom_1712105391874{margin-bottom: 35px !important;}&#8221;]<\/p>\n<p style=\"font-size: 16px;\">Puede contactarse con nosotros a tarv\u00e9s de nuestro E-mail, tel\u00e9fono o completando nuestro <a href=\"https:\/\/aridosmach.cl\/sitio\/contacto\/\">Formulario de Contacto.<\/a><\/p>\n<p>[\/vc_column_text][vc_row_inner][vc_column_inner width=&#8221;1\/2&#8243; offset=&#8221;vc_col-lg-6 vc_col-md-6 vc_col-xs-12&#8243; css=&#8221;.vc_custom_1502353578290{margin-bottom: 0px !important;padding-right: 15px !important;padding-left: 15px !important;}&#8221;]\t\t\t<div class=\" basel-info-box2 text-left icon-alignment-left box-style-base color-scheme-dark  with-animation vc_custom_1711415492614\" onclick=\"\">\n\t\t\t\t\t\t\t\t\t<div class=\"box-icon-wrapper\">\n\t\t\t\t\t\t<div class=\"info-box-icon\">\n\t\t\t\t\t\t\t\t\t\t\t\t\t\t\t\t\t\t\t\t\t\t\t\t\t\t<img decoding=\"async\" class=\"info-icon image-1 \" src=\"https:\/\/aridosmach.cl\/sitio\/wp-content\/uploads\/2024\/03\/DIR-40x40.png\" width=\"40\" height=\"40\" alt=\"DIR\" title=\"DIR\" loading=\"lazy\" \/>\t\t\t\t\t\t\t\t\t\t\t\t\t\t<\/div>\n\t\t\t\t\t<\/div>\n\t\t\t\t\t\t\t\t<div class=\"info-box-content\">\n\t\t\t\t\t<div class=\"info-box-inner\">\n\t\t\t\t\t\t<\/p>\n<h4 style=\"font-size: 20px; margin-bottom: 5px;\">Direcci\u00f3n<\/h4>\n<p style=\"font-size: 14px;\">Av. Costanera 6056<br \/>\nRibera Norte 1. Hualp\u00e9n. VIII.<\/p>\n<p>\n\t\t\t\t\t<\/div>\n\t\t\t\t<\/div>\n\t\t\t<\/div>\n\t\t[\/vc_column_inner][vc_column_inner width=&#8221;1\/2&#8243; offset=&#8221;vc_col-lg-6 vc_col-md-6 vc_col-xs-12&#8243; css=&#8221;.vc_custom_1502353574647{margin-bottom: 0px !important;padding-right: 15px !important;padding-left: 15px !important;}&#8221;]\t\t\t<div class=\" basel-info-box2 text-left icon-alignment-left box-style-base color-scheme-dark  with-animation vc_custom_1711415506021\" onclick=\"\">\n\t\t\t\t\t\t\t\t\t<div class=\"box-icon-wrapper\">\n\t\t\t\t\t\t<div class=\"info-box-icon\">\n\t\t\t\t\t\t\t\t\t\t\t\t\t\t\t\t\t\t\t\t\t\t\t\t\t\t<img decoding=\"async\" class=\"info-icon image-1 \" src=\"https:\/\/aridosmach.cl\/sitio\/wp-content\/uploads\/2024\/03\/MAIL-40x40.png\" width=\"40\" height=\"40\" alt=\"MAIL\" title=\"MAIL\" loading=\"lazy\" \/>\t\t\t\t\t\t\t\t\t\t\t\t\t\t<\/div>\n\t\t\t\t\t<\/div>\n\t\t\t\t\t\t\t\t<div class=\"info-box-content\">\n\t\t\t\t\t<div class=\"info-box-inner\">\n\t\t\t\t\t\t<\/p>\n<h4 style=\"font-size: 20px; margin-bottom: 5px;\">E- mail<\/h4>\n<p style=\"font-size: 14px;\"><a href=\"mailto:ventas@aridosmach.cl\">ventas@aridosmach.cl<\/a><\/p>\n<p>\n\t\t\t\t\t<\/div>\n\t\t\t\t<\/div>\n\t\t\t<\/div>\n\t\t[\/vc_column_inner][\/vc_row_inner][vc_row_inner][vc_column_inner width=&#8221;1\/2&#8243; offset=&#8221;vc_col-lg-6 vc_col-md-6 vc_col-xs-12&#8243; css=&#8221;.vc_custom_1502353570249{margin-bottom: 0px !important;padding-right: 15px !important;padding-left: 15px !important;}&#8221;]\t\t\t<div class=\" basel-info-box2 text-left icon-alignment-left box-style-base color-scheme-dark  with-animation vc_custom_1711415578372\" onclick=\"\">\n\t\t\t\t\t\t\t\t\t<div class=\"box-icon-wrapper\">\n\t\t\t\t\t\t<div class=\"info-box-icon\">\n\t\t\t\t\t\t\t\t\t\t\t\t\t\t\t\t\t\t\t\t\t\t\t\t\t\t<img decoding=\"async\" class=\"info-icon image-1 \" src=\"https:\/\/aridosmach.cl\/sitio\/wp-content\/uploads\/2024\/03\/FONO-40x40.png\" width=\"40\" height=\"40\" alt=\"FONO\" title=\"FONO\" loading=\"lazy\" \/>\t\t\t\t\t\t\t\t\t\t\t\t\t\t<\/div>\n\t\t\t\t\t<\/div>\n\t\t\t\t\t\t\t\t<div class=\"info-box-content\">\n\t\t\t\t\t<div class=\"info-box-inner\">\n\t\t\t\t\t\t<\/p>\n<h4 style=\"font-size: 20px; margin-bottom: 5px;\">Tel\u00e9fono<\/h4>\n<p style=\"font-size: 14px;\">+56 978897342<\/p>\n<p>\n\t\t\t\t\t<\/div>\n\t\t\t\t<\/div>\n\t\t\t<\/div>\n\t\t[\/vc_column_inner][vc_column_inner width=&#8221;1\/2&#8243; offset=&#8221;vc_col-lg-6 vc_col-md-6 vc_col-xs-12&#8243; css=&#8221;.vc_custom_1502353565812{margin-bottom: 0px !important;padding-right: 15px !important;padding-left: 15px !important;}&#8221;][\/vc_column_inner][\/vc_row_inner][\/vc_column][vc_column css=&#8221;.vc_custom_1500541389284{padding-top: 0px !important;padding-bottom: 0px !important;}&#8221; offset=&#8221;vc_col-lg-6 vc_col-md-6 vc_col-xs-12&#8243;][vc_column_text]<iframe loading=\"lazy\" style=\"border: 0;\" src=\"https:\/\/www.google.com\/maps\/embed?pb=!1m18!1m12!1m3!1d3194.4940061140323!2d-73.10510665233687!3d-36.80668050090019!2m3!1f0!2f0!3f0!3m2!1i1024!2i768!4f13.1!3m3!1m2!1s0x9669cb02f7a8f415%3A0xd03360d4a1a55d09!2s%C3%81ridos%20Mach%20Ltda!5e0!3m2!1ses-419!2scl!4v1714071286839!5m2!1ses-419!2scl\" width=\"600\" height=\"450\" allowfullscreen=\"allowfullscreen\"><\/iframe>[\/vc_column_text][\/vc_column][\/vc_row]<\/p>\n<\/div>","protected":false},"excerpt":{"rendered":"<p>[vc_row full_width=&#8221;stretch_row_content_no_spaces&#8221; css=&#8221;.vc_custom_1502355115373{margin-top: -40px !important;margin-bottom: 8vh !important;}&#8221;][vc_column][rev_slider_vc alias=&#8221;medical&#8221;][\/vc_column][\/vc_row][vc_row css=&#8221;.vc_custom_1500457128654{margin-bottom: 4vh !important;}&#8221;][vc_column width=&#8221;1\/4&#8243; css=&#8221;.vc_custom_1502351031091{padding-top: 0px !important;}&#8221;][\/vc_column][vc_column width=&#8221;1\/2&#8243;][\/vc_column][vc_column width=&#8221;1\/4&#8243; css=&#8221;.vc_custom_1502351027406{padding-top: 0px !important;}&#8221;][\/vc_column][\/vc_row][vc_row][vc_column<\/p>\n","protected":false},"author":1,"featured_media":0,"parent":0,"menu_order":0,"comment_status":"closed","ping_status":"closed","template":"","meta":{"footnotes":""},"class_list":["post-1147","page","type-page","status-publish","hentry"],"_links":{"self":[{"href":"https:\/\/aridosmach.cl\/sitio\/wp-json\/wp\/v2\/pages\/1147","targetHints":{"allow":["GET"]}}],"collection":[{"href":"https:\/\/aridosmach.cl\/sitio\/wp-json\/wp\/v2\/pages"}],"about":[{"href":"https:\/\/aridosmach.cl\/sitio\/wp-json\/wp\/v2\/types\/page"}],"author":[{"embeddable":true,"href":"https:\/\/aridosmach.cl\/sitio\/wp-json\/wp\/v2\/users\/1"}],"replies":[{"embeddable":true,"href":"https:\/\/aridosmach.cl\/sitio\/wp-json\/wp\/v2\/comments?post=1147"}],"version-history":[{"count":118,"href":"https:\/\/aridosmach.cl\/sitio\/wp-json\/wp\/v2\/pages\/1147\/revisions"}],"predecessor-version":[{"id":32265,"href":"https:\/\/aridosmach.cl\/sitio\/wp-json\/wp\/v2\/pages\/1147\/revisions\/32265"}],"wp:attachment":[{"href":"https:\/\/aridosmach.cl\/sitio\/wp-json\/wp\/v2\/media?parent=1147"}],"curies":[{"name":"wp","href":"https:\/\/api.w.org\/{rel}","templated":true}]}}